hat is the highest common factor of 1182761 and 1396?
349
What is the greatest common factor of 189 and 427?
7
Calculate the highest common divisor of 5408 and 2197.
169
Calculate the greatest common factor of 1800 and 167850.
450
What is the greatest common divisor of 765 and 28645?
85
What is the highest common divisor of 243107 and 551?
29
What is the greatest common divisor of 3107 and 22227?
239
What is the highest common factor of 767 and 68406?
13
Calculate the highest common factor of 132 and 29712.
12
Calculate the highest common divisor of 670197 and 506.
253
What is the highest common divisor of 4305 and 1945245?
615
Calculate the greatest common factor of 948015 and 135.
45
What is the greatest common divisor of 3987 and 4617?
9
Calculate the highest common factor of 7194 and 44.
22
Calculate the highest common divisor of 744 and 20584.
248
Calculate the highest common divisor of 1676486 and 28.
14
What is the greatest common divisor of 42 and 6341034?
42
What is the greatest common factor of 224 and 21028?
28
What is the greatest common divisor of 71064 and 384?
24
What is the greatest common divisor of 299596 and 26617?
619
What is the greatest common factor of 2090 and 19382?
22
What is the highest common divisor of 90 and 466110?
90
What is the highest common factor of 122179 and 289?
17
Calculate the greatest common divisor of 433911 and 159.
159
Calculate the highest common factor of 555113 and 117.
13
What is the highest common factor of 4472 and 3354?
1118
What is the highest common divisor of 28 and 10954?
2
Calculate the greatest common factor of 41032 and 32.
8
Calculate the greatest common factor of 2345400 and 216.
72
Calculate the highest common factor of 961280 and 1280.
1280
Calculate the greatest common factor of 54 and 987624.
18
What is the greatest common divisor of 204773 and 579?
193
What is the greatest common divisor of 59 and 56699?
59
Calculate the greatest common factor of 1495 and 770185.
65
Calculate the greatest common divisor of 169400 and 1850.
50
Calculate the greatest common factor of 23075 and 2015.
65
Calculate the highest common divisor of 105 and 1135.
5
Calculate the highest common factor of 984 and 93234.
246
What is the highest common factor of 852 and 224?
4
What is the greatest common factor of 373825 and 380?
95
What is the greatest common divisor of 606056 and 24?
8
Calculate the highest common divisor of 2601 and 234.
9
What is the highest common divisor of 7074 and 1026?
54
Calculate the highest common divisor of 45 and 10515.
15
What is the greatest common divisor of 6 and 135900?
6
Calculate the highest common divisor of 7276 and 364656.
428
Calculate the highest common factor of 1660 and 104165.
415
What is the highest common factor of 210 and 77630?
70
Calculate the greatest common divisor of 624 and 3819504.
624
Calculate the greatest common divisor of 3100 and 5828.
124
Calculate the greatest common factor of 646 and 27721.
19
What is the highest common divisor of 5941735 and 485?
485
What is the greatest common factor of 13698 and 81?
9
What is the highest common divisor of 99 and 169356?
33
Calculate the highest common factor of 7665904 and 566.
566
Calculate the greatest common factor of 2046 and 28303.
341
Calculate the highest common factor of 138 and 9752.
46
What is the highest common factor of 196 and 193249?
7
Calculate the greatest common divisor of 124572 and 84.
84
What is the greatest common factor of 35086 and 7282?
662
What is the highest common divisor of 12 and 2208480?
12
Calculate the highest common divisor of 5676 and 219945.
1419
Calculate the highest common factor of 226420 and 20.
20
What is the greatest common divisor of 1187550 and 130?
130
What is the greatest common factor of 171 and 331113?
57
Calculate the highest common factor of 300 and 189540.
60
Calculate the greatest common divisor of 228 and 1164.
12
Calculate the greatest common divisor of 466 and 250.
2
Calculate the greatest common divisor of 7878 and 5447.
13
What is the greatest common divisor of 8866 and 837?
31
Calculate the greatest common divisor of 944870 and 190.
190
What is the highest common factor of 53778 and 12?
6
Calculate the highest common divisor of 195 and 5595.
15
What is the highest common factor of 20 and 48970?
10
Calculate the greatest common divisor of 157993 and 1166.
583
Calculate the greatest common divisor of 206245 and 190.
95
Calculate the greatest common divisor of 145 and 884645.
145
What is the highest common divisor of 1916480 and 265?
265
Calculate the highest common divisor of 806 and 2631187.
403
What is the greatest common factor of 4028 and 1292?
76
Calculate the highest common divisor of 1407 and 1687.
7
What is the highest common divisor of 40 and 38620?
20
What is the greatest common divisor of 46256 and 39412?
236
What is the greatest common factor of 888775 and 2920?
365
What is the highest common factor of 722692 and 316?
316
What is the highest common factor of 144 and 87600?
48
What is the greatest common factor of 72 and 2904?
24
Calculate the greatest common factor of 14515 and 160.
5
What is the highest common divisor of 476 and 14399?
119
What is the greatest common divisor of 12512 and 11776?
736
What is the highest common factor of 69639 and 1668?
417
Calculate the highest common divisor of 22 and 396946.
22
Calculate the greatest common factor of 88 and 10943020.
44
Calculate the highest common divisor of 350 and 175.
175
What is the highest common divisor of 6 and 594069?
3
Calculate the greatest common divisor of 3582 and 459.
9
What is the greatest common factor of 578290 and 170?
10
Calculate the highest common divisor of 169440 and 300.
60
What is the highest common factor of 259712 and 896?
128
Calculate the highest common divisor of 1258828 and 12.
4
Calculate the highest common divisor of 5423 and 1397.
11
What is the highest common divisor of 9063 and 129267?
477
Calculate the highest common divisor of 1206 and 5293.
67
What is the highest common divisor of 49658 and 2506?
14
What is the highest common factor of 6 and 95625?
3
What is the highest common divisor of 35802 and 1677?
39
What is the greatest common factor of 1815 and 115005?
165
What is the greatest common factor of 393471 and 468?
117
What is the highest common divisor of 457 and 6?
1
Calculate the greatest common factor of 4342 and 68136.
334
Calculate the greatest common factor of 1890 and 4950.
90
Calculate the highest common factor of 534 and 15942.
6
Calculate the highest common divisor of 60 and 1899390.
30
What is the highest common divisor of 1184607 and 129?
129
What is the highest common factor of 4540926 and 312?
78
Calculate the highest common divisor of 920 and 1030.
10
What is the greatest common divisor of 350 and 130?
10
Calculate the highest common factor of 17685 and 1215.
135
What is the greatest common divisor of 52 and 2806648?
52
What is the highest common divisor of 54106 and 52?
26
Calculate the greatest common divisor of 492 and 54161.
41
Calculate the highest common divisor of 60514 and 172733.
383
What is the greatest common divisor of 2079 and 5698539?
2079
Calculate the greatest common factor of 28176 and 32.
16
Calculate the greatest common divisor of 1047402 and 12.
6
What is the highest common divisor of 47280 and 1440?
240
Calculate the highest common divisor of 50 and 2564725.
25
Calculate the greatest common factor of 293400 and 50.
50
Calculate the highest common factor of 360 and 23096.
8
What is the greatest common divisor of 72 and 949188?
12
What is the highest common factor of 292614 and 882?
42
Calculate the greatest common factor of 3920 and 167580.
980
What is the highest common factor of 677200 and 800?
400
What is the greatest common factor of 6743 and 7969?
613
What is the greatest common factor of 1930 and 20080?
10
Calculate the greatest common factor of 5481 and 10332.
63
What is the greatest common factor of 19859 and 14?
7
Calculate the greatest common divisor of 159 and 93.
3
Calculate the highest common divisor of 36 and 761832.
36
Calculate the greatest common divisor of 3741 and 516.
129
Calculate the greatest common factor of 65135 and 35.
35
Calculate the highest common factor of 25 and 1143475.
25
What is